the thousands digit of 1653?
1
What is the thousands digit of 4413?
4
What is the hundreds digit of 925?
9
What is the thousands digit of 29723?
9
What is the thousands digit of 13992?
3
What is the thousands digit of 9894?
9
What is the thousands digit of 6411?
6
What is the hundreds digit of 7504?
5
What is the tens digit of 18?
1
What is the thousands digit of 14089?
4
What is the thousands digit of 9041?
9
What is the hundreds digit of 893?
8
What is the tens digit of 1924?
2
What is the tens digit of 25474?
7
What is the hundreds digit of 14363?
3
What is the units digit of 2232?
2
What is the tens digit of 499?
9
What is the ten thousands digit of 11250?
1
What is the units digit of 7868?
8
What is the thousands digit of 41360?
1
What is the units digit of 6552?
2
What is the hundreds digit of 17683?
6
What is the hundreds digit of 1345?
3
What is the units digit of 3090?
0
What is the thousands digit of 85265?
5
What is the hundreds digit of 544?
5
What is the units digit of 1456?
6
What is the units digit of 13173?
3
What is the tens digit of 60?
6
What is the units digit of 8594?
4
What is the hundreds digit of 1405?
4
What is the tens digit of 5869?
6
What is the units digit of 759?
9
What is the units digit of 2511?
1
What is the units digit of 1284?
4
What is the units digit of 6199?
9
What is the units digit of 15?
5
What is the units digit of 11549?
9
What is the tens digit of 300?
0
What is the hundreds digit of 4023?
0
What is the units digit of 441?
1
What is the units digit of 464?
4
What is the ten thousands digit of 49656?
4
What is the units digit of 58136?
6
What is the hundreds digit of 2186?
1
What is the tens digit of 29307?
0
What is the units digit of 989?
9
What is the thousands digit of 12007?
2
What is the tens digit of 10235?
3
What is the hundreds digit of 284?
2
What is the hundreds digit of 8118?
1
What is the ten thousands digit of 37058?
3
What is the tens digit of 17108?
0
What is the units digit of 948?
8
What is the hundreds digit of 813?
8
What is the units digit of 167?
7
What is the thousands digit of 4014?
4
What is the hundreds digit of 5236?
2
What is the thousands digit of 1656?
1
What is the units digit of 120587?
7
What is the ten thousands digit of 56657?
5
What is the units digit of 9296?
6
What is the thousands digit of 93019?
3
What is the hundreds digit of 264?
2
What is the hundreds digit of 579?
5
What is the ten thousands digit of 30089?
3
What is the tens digit of 4885?
8
What is the units digit of 11262?
2
What is the units digit of 2943?
3
What is the units digit of 745?
5
What is the thousands digit of 146845?
6
What is the units digit of 8263?
3
What is the units digit of 13121?
1
What is the units digit of 431?
1
What is the units digit of 1284?
4
What is the hundreds digit of 31718?
7
What is the tens digit of 2374?
7
What is the tens digit of 9241?
4
What is the tens digit of 83235?
3
What is the units digit of 4048?
8
What is the thousands digit of 1094?
1
What is the units digit of 370?
0
What is the tens digit of 1294?
9
What is the hundreds digit of 8606?
6
What is the hundreds digit of 6359?
3
What is the hundreds digit of 2016?
0
What is the hundreds digit of 9956?
9
What is the tens digit of 5214?
1
What is the units digit of 92852?
2
What is the ten thousands digit of 17136?
1
What is the hundreds digit of 3104?
1
What is the hundreds digit of 11435?
4
What is the tens digit of 533?
3
What is the tens digit of 844?
4
What is the tens digit of 378?
7
What is the ten thousands digit of 82250?
8
What is the tens digit of 547?
4
What is the units digit of 784?
4
What is the tens digit of 36060?
6
What is the tens digit of 7199?
9
What is the units digit of 6525?
5
What is the hundreds digit of 2880?
8
What is the tens digit of 8006?
0
What is the units digit of 281?
1
What is the tens digit of 19148?
4
What is the units digit of 1610?
0
What is the tens digit of 730?
3
What is the thousands digit of 3209?
3
What is the tens digit of 547?
4
What is the hundreds digit of 131602?
6
What is the ten thousands digit of 55791?
5
What is the tens digit of 2073?
7
What is the tens digit of 116?
1
What is the hundreds digit of 8042?
0
What is the hundreds digit of 9951?
9
What is the thousands digit of 19047?
9
What is the hundreds digit of 14770?
7
What is the units digit of 873?
3
What is the hundreds digit of 507?
5
What is the tens digit of 518?
1
What is the thousands digit of 13290?
3
What is the tens digit of 2294?
9
What is the thousands digit of 44594?
4
What is the units digit of 8702?
2
What is the units digit of 1091?
1
What is the hundreds digit of 11238?
2
What is the hundreds digit of 115108?
1
What is the thousands digit of 14221?
4
What is the units digit of 1994?
4
What is the units digit of 1796?
6
What is the hundreds digit of 7047?
0
What is the hundreds digit of 16376?
3
What is the thousands digit of 4522?
4
What is the ten thousands digit of 13714?
1
What is the ten thousands digit of 44096?
4
What is the units digit of 1895?
5
What is the hundreds digit of 932?
9
What is the tens digit of 4743?
4
What is the hundreds digit of 1274?
2
What is the units digit of 18204?
4
What is the hundreds digit of 7271?
2
What is the units digit of 1903?
3
What is the units digit of 8838?
8
What is the units digit of 10447?
7
What is the units digit of 1081?
1
What is the units digit of 3737?
7
What is the hundreds digit of 6050?
0
What is the ten thousands digit of 47567?
4
What is the thousands digit of 3260?
3
What is the tens digit of 41662?
6
What is the units digit of 3394?
4
What is the hundreds digit of 10027?
0
What is the hundreds digit of 19577?
5
What is the tens digit of 63620?
2
What is the thousands digit of 8736?
8
What is the ten thousands digit of 12555?
1
What is the tens digit of 8162?
6
What is the ten thousands digit of 49062?
4
What is the tens digit of 2482?
8
What is the units digit of 812?
2
What is the hundreds digit of 518?
5
What is the thousands digit of 33318?
3
What is the units digit of 84665?
5
What is the hundreds digit of 4389?
3
What is the units digit of 11185?
5
What is the ten thousands digit of 117708?
1
What is the tens digit of 72?
7
What is the hundreds digit of 29135?
1
What is the units digit of 1148?
8
What is the tens digit of 3142?
4
What is the thousands digit of 1051?
1
What is the tens digit of 1482?
8
What is the hundreds digit of 192657?
6
What is the hundreds digit of 27835?
8
What is the tens digit of 1125?
2
What is the units digit of 2210?
0
What is the ten thousands digit of 27201?
2
What is the hundreds digit of 1917?
9
What is the units digit of 7784?
4
What is the tens digit of 58310?
1
What is the tens digit of 7737?
3
What is the units digit of 21723?
3
What is the tens digit of 51223?
2
What is the units digit of 2601?
1
What is the tens digit of 167?
6
What is the ten thousands digit of 79570?
7
What is the hundreds digit of 37686?
6
What is the hundreds digit of 12839?
8
What is the hundreds digit of 10196?
1
What is the thousands digit of 2304?
2
What is the units digit of 155?
5
What is the units digit of 14268?
8
What is the tens digit of 14582?
8
What is the thousands digit of 1052?
1
What is the thousands digit of 18733?
8
What is the hundreds digit of 820?
8
What is the thousands digit of 15031?
5
What is the hundreds digit of 15074?
0
What is the hundreds digit of 2516?
5
What is the units digit of 1536?
6
What is the thousands digit of 1149?
1
What is the units digit of 31711?
1
What is the thousands digit of 42341?
2
What is the hundreds digit of 2742?
7
What is the units digit of 15854?
4
What is the hundreds digit of 14885?
8
What is the hundreds digit of 4804?
8
What is the units digit of 33802?
2
What is the units digit of 805?
5
What is the hundreds digit of 14273?
2
What is the hundreds digit of 1227?
2
What is the units digit of 59884?
4
What is the tens digit of 101682?
8
What is the thousands digit of 14989?
4
What is the hundreds digit of 206?
2
What is the hundreds digit of 7120?
1
What is the units digit of 6630?
0
What is the tens digit of 929?
2
What is the hundreds digit of 311?
3
What is the hundreds digit of 4228?
2
What is the hundreds digit of 1771?
7
What is the thousands digit 